{"id":446,"date":"2026-04-19T13:28:36","date_gmt":"2026-04-19T13:28:36","guid":{"rendered":"http:\/\/104.248.44.198\/?page_id=446"},"modified":"2026-04-19T13:59:06","modified_gmt":"2026-04-19T13:59:06","slug":"rolam","status":"publish","type":"page","link":"http:\/\/czenemarta.hu\/?page_id=446","title":{"rendered":"R\u00f3lam"},"content":{"rendered":"\n<p class=\"has-text-align-left has-large-font-size\"><br>Czene M\u00e1rta m\u0171v\u00e9szet\u00e9nek f\u00f3kusza a szem\u00e9lyes \u00e9s n\u0151i identit\u00e1s, illetve a m\u00falt rekonstru\u00e1l\u00e1sa \u00e9s \u00e9rtelmez\u00e9se vizu\u00e1lis t\u00f6rt\u00e9netmes\u00e9l\u00e9s \u00e1ltal.<\/p>\n\n\n\n<div class=\"wp-block-media-text is-stacked-on-mobile is-image-fill-element\"><figure class=\"wp-block-media-text__media\"><img loading=\"lazy\" decoding=\"async\" width=\"797\" height=\"1024\" src=\"http:\/\/104.248.44.198\/wp-content\/uploads\/2026\/04\/Czene_Marta2025-1-scaled-e1776597696873-797x1024.jpg\" alt=\"\" class=\"wp-image-454 size-full\" style=\"object-position:41% 48%\" srcset=\"http:\/\/czenemarta.hu\/wp-content\/uploads\/2026\/04\/Czene_Marta2025-1-scaled-e1776597696873-797x1024.jpg 797w, http:\/\/czenemarta.hu\/wp-content\/uploads\/2026\/04\/Czene_Marta2025-1-scaled-e1776597696873-233x300.jpg 233w, http:\/\/czenemarta.hu\/wp-content\/uploads\/2026\/04\/Czene_Marta2025-1-scaled-e1776597696873-768x987.jpg 768w, http:\/\/czenemarta.hu\/wp-content\/uploads\/2026\/04\/Czene_Marta2025-1-scaled-e1776597696873-1195x1536.jpg 1195w, http:\/\/czenemarta.hu\/wp-content\/uploads\/2026\/04\/Czene_Marta2025-1-scaled-e1776597696873-500x642.jpg 500w, http:\/\/czenemarta.hu\/wp-content\/uploads\/2026\/04\/Czene_Marta2025-1-scaled-e1776597696873-800x1028.jpg 800w, http:\/\/czenemarta.hu\/wp-content\/uploads\/2026\/04\/Czene_Marta2025-1-scaled-e1776597696873-1280x1645.jpg 1280w, http:\/\/czenemarta.hu\/wp-content\/uploads\/2026\/04\/Czene_Marta2025-1-scaled-e1776597696873.jpg 1502w\" sizes=\"auto, (max-width: 797px) 100vw, 797px\" \/><\/figure><div class=\"wp-block-media-text__content\">\n<p class=\"has-small-font-size\">A narrat\u00edv k\u00e9pek a m\u0171v\u00e9sz t\u00f6rt\u00e9neteit \u00e9s szerepeit id\u00e9zik fel, saj\u00e1t, vagy t\u00f6bb gener\u00e1ci\u00f3s csal\u00e1di meg\u00e9l\u00e9seket. Az \u00e9rtelmezhet\u0151s\u00e9g hat\u00e1rhelyzeteit, a t\u00f6r\u00e9keny egyens\u00falyt keresi az elbesz\u00e9lt \u00e9s az \u00e9rzet szinten megjelen\u0151, ki nem mondott vagy kimondhatatlan k\u00f6z\u00f6tt.<\/p>\n\n\n\n<p class=\"has-small-font-size\">M\u0171vei t\u00f6bb, egym\u00e1ssal asszociat\u00edv \u00f6sszef\u00fcgg\u00e9sben \u00e1ll\u00f3 elemb\u0151l \u00e9p\u00fclnek \u00f6ssze. Fragment\u00e1lt vizualit\u00e1sukra Kulesov \u00e9s Eizenstein mont\u00e1zselm\u00e9letei mellett Erd\u00e9ly Mikl\u00f3s jelent\u00e9skiolt\u00e1s elm\u00e9lete volt a legnagyobb hat\u00e1ssal. K\u00fcl\u00f6nb\u00f6z\u0151 anyagok, festm\u00e9nyek, rajzok, falfest\u00e9s, fot\u00f3 \u00e9s nyomtatott ponyva, t\u00f6bb egym\u00e1s feletti r\u00e9tegben egy\u00fctt \u00e9p\u00edtik k\u00e9pinstall\u00e1ci\u00f3it. A p\u00e1rhuzamos \u00e9rz\u00e9kel\u00e9s mellett az eml\u00e9kek m\u00e1r el\u00e9rhetetlen r\u00e9sz\u00e9re utal\u00f3 t\u00e9rbeli takar\u00e1s is visszat\u00e9r\u0151 mot\u00edvuma.<\/p>\n\n\n\n<p class=\"has-small-font-size\">Fest\u0151i l\u00e1t\u00e1sm\u00f3dj\u00e1t a val\u00f3s\u00e1gh\u0171 r\u00e9szletekbe k\u00f3dolt utal\u00e1sokat rejt\u0151 k\u00f6z\u00e9pkori \u00e9s renesz\u00e1nsz fest\u00e9szet inspir\u00e1lta.<\/p>\n<\/div><\/div>\n\n\n\n<hr class=\"wp-block-separator has-alpha-channel-opacity\"\/>\n\n\n\n<details class=\"wp-block-details is-layout-flow wp-block-details-is-layout-flow\"><summary>TANULM\u00c1NYOK<\/summary>\n<p class=\"has-small-font-size\">2025 Doktori fokozat, Magyar K\u00e9pz\u0151m\u0171v\u00e9szeti Egyetem<br>2004-2008 Magyar K\u00e9pz\u0151m\u0171v\u00e9szeti Egyetem, Interm\u00e9dia<br>2001-2007 Magyar K\u00e9pz\u0151m\u0171v\u00e9szeti Egyetem, Fest\u00e9szet<br>2002- E\u00f6tv\u00f6s Lor\u00e1nt Tudom\u00e1nyegyetem, M\u0171v\u00e9szett\u00f6rt\u00e9net<\/p>\n<\/details>\n\n\n\n<details class=\"wp-block-details is-layout-flow wp-block-details-is-layout-flow\"><summary>D\u00cdJAK<\/summary>\n<p class=\"has-small-font-size\">2025 Esterh\u00e1zy Art Award Shortlist<br>2021 Esterh\u00e1zy Art Award Shortlist<br>2011 Strabag Artaward International<br>2009 &#8211; 2011 Derkovits \u00d6szt\u00f6nd\u00edj<\/p>\n<\/details>\n\n\n\n<details class=\"wp-block-details is-layout-flow wp-block-details-is-layout-flow\"><summary>EGY\u00c9NI KI\u00c1LL\u00cdT\u00c1SOK<\/summary>\n<p class=\"has-text-align-left has-small-font-size\">2024 \u00cdrj\u00e1tok fel a k\u00e9m\u00e9nybe!, Artus St\u00fadi\u00f3, Budapest<br>2023 Ez nem az \u00e9n testem, Inda Gal\u00e9ria, Budapest<br>2022 \u00d6r\u00f6k\u00f6lt p\u00f3zok, Liszt Institute, Sofia<br>2020 Elenged\u00e9si gyakorlatok, Inda Gal\u00e9ria, Budapest<br>2018 Csukott szemmel, Inda Gal\u00e9ria, Budapest<br>2015 Kil\u00e1t\u00e1s, Szent Istv\u00e1n Kir\u00e1ly M\u00fazeum,<br>Sz\u00e9kesfeh\u00e9rv\u00e1r<br>2014 \u00c1tmenet, Inda Gal\u00e9ria, Budapest<br>         \u00c1tj\u00e1r\u00e1s, Tornyai J\u00e1nos M\u00fazeum,<br>H\u00f3dmez\u0151v\u00e1s\u00e1rhely<br><mark style=\"background-color:#f5f5f5\" class=\"has-inline-color has-primary-color\">2012<\/mark> Timeline, Inda Gal\u00e9ria, Budapest<br>         Opere Recenti, Galleria del Carbone, Ferrara<br><mark style=\"background-color:#f5f5f5\" class=\"has-inline-color\">2011<\/mark> Nachbild, Strabag Artlounge, B\u00e9cs<br>2010 F\u00f3kusz, Inda Gal\u00e9ria, Budapest<br>         El\u0151zetes, Vaszary K\u00e9pt\u00e1r, Kaposv\u00e1r<\/p>\n<\/details>\n\n\n\n<details class=\"wp-block-details is-layout-flow wp-block-details-is-layout-flow\"><summary>CSOPORTOS KI\u00c1LL\u00cdT\u00c1SOK<\/summary>\n<p class=\"has-small-font-size\">2026 Im Erweiterten Raum, K\u00fcnstlerhaus, B\u00e9cs<br>          K\u00e9nyes egyens\u00faly (Vesz\u00e9ly), Traf\u00f3 Gal\u00e9ria, Budapest<br>2025 Golden Repair \u2013 Finom illeszt\u00e9sek, Ludwig M\u00fazeum, Budapest<br>          Az \u00e9n testem, az \u00e9n v\u00e1ram, Lokart 3., m21 Gal\u00e9ria, P\u00e9cs<br>          Amiben hisz\u00fcnk, Esterh\u00e1zy Art Award Shortlist, Ludwig M\u00fazeum, Budapest<br>          Never Grey, O25 Ostrale Biennale, Dresden<br>          Eredet, MODEM, Debrecen<br>2024 Raumplan, Gal\u00e9ria J\u00e1na Koniarka, Trnava<br>2023 Nothing New in the East, AKT, Pforzheim<br>          O23 Ostrale Biennale, Dresden<br>2022 T\u00e9rfoglal\u00e1sok, Barcsay Terem, MKE, Budapest<br>2021 Esterh\u00e1zy Art Award Shortlist. Young Scene Hungary, Ludwig M\u00fazeum, Budapest<br>         Modell\u00e1ll\u00edt\u00e1s: Az emberi test k\u00e9pi konstrukci\u00f3i, Barcsay Terem, MKE, Budapest<br>O21 Ostrale Biennale, Dresden<br>2020 MMXX, St\u00fadi\u00f3 Gal\u00e9ria, Budapest<br>2019 Future, Art Stays Festival, Ptuj<br>2017 Nagy\u00edt\u00e1s, Collegium Hungaricum, Paris<br>         Sguardi a Est, Arte Figurativa Ungherese Contemporanea, Lucera<br>2016 A m\u0171v\u00e9sz vajon mi?,115-106 Gal\u00e9ria, Budapest<br>2015 Figur \/ Struktur, RLB Kunstbr\u00fccke, Innsbruck<br>         Rendezetlen n\u0151\u00fcgyek, Institute of Contemporary Art, Duna\u00fajv\u00e1ros<br>         J\u00f6v\u0151m\u0171v\u00e9szeti Szalon, Gallery By Night, Studio Gal\u00e9ria, Budapest<br>         Munka \u2013m\u0171vek Budapest Gal\u00e9ria, Budapest<br>2013 Hal\u00e1los term\u00e9szet, MODEM, Debrecen<br>         La luce dello spirito Accademia d\u2019Ungheria, Rome<br>2012 \u00dajragondolt hagyom\u00e1ny, Ernst Museum, Budapest,<br>2011 Mag\u00e1\u00e9rt besz\u00e9l, Magyar Nemzeti Gal\u00e9ria, Budapest<\/p>\n<\/details>\n","protected":false},"excerpt":{"rendered":"<p>Czene M\u00e1rta m\u0171v\u00e9szet\u00e9nek f\u00f3kusza a szem\u00e9lyes \u00e9s n\u0151i identit\u00e1s, illetve a m\u00falt rekonstru\u00e1l\u00e1sa \u00e9s \u00e9rtelmez\u00e9se vizu\u00e1lis t\u00f6rt\u00e9netmes\u00e9l\u00e9s \u00e1ltal. A narrat\u00edv k\u00e9pek a m\u0171v\u00e9sz t\u00f6rt\u00e9neteit \u00e9s szerepeit id\u00e9zik fel, saj\u00e1t, vagy t\u00f6bb gener\u00e1ci\u00f3s csal\u00e1di meg\u00e9l\u00e9seket. Az \u00e9rtelmezhet\u0151s\u00e9g hat\u00e1rhelyzeteit, a t\u00f6r\u00e9keny egyens\u00falyt keresi az elbesz\u00e9lt \u00e9s az \u00e9rzet szinten megjelen\u0151, ki nem mondott vagy kimondhatatlan k\u00f6z\u00f6tt. M\u0171vei [&hellip;]<\/p>\n","protected":false},"author":1,"featured_media":0,"parent":0,"menu_order":0,"comment_status":"closed","ping_status":"closed","template":"","meta":{"_vp_format_video_url":"","_vp_image_focal_point":[],"footnotes":""},"class_list":["post-446","page","type-page","status-publish","hentry"],"_links":{"self":[{"href":"http:\/\/czenemarta.hu\/index.php?rest_route=\/wp\/v2\/pages\/446","targetHints":{"allow":["GET"]}}],"collection":[{"href":"http:\/\/czenemarta.hu\/index.php?rest_route=\/wp\/v2\/pages"}],"about":[{"href":"http:\/\/czenemarta.hu\/index.php?rest_route=\/wp\/v2\/types\/page"}],"author":[{"embeddable":true,"href":"http:\/\/czenemarta.hu\/index.php?rest_route=\/wp\/v2\/users\/1"}],"replies":[{"embeddable":true,"href":"http:\/\/czenemarta.hu\/index.php?rest_route=%2Fwp%2Fv2%2Fcomments&post=446"}],"version-history":[{"count":23,"href":"http:\/\/czenemarta.hu\/index.php?rest_route=\/wp\/v2\/pages\/446\/revisions"}],"predecessor-version":[{"id":479,"href":"http:\/\/czenemarta.hu\/index.php?rest_route=\/wp\/v2\/pages\/446\/revisions\/479"}],"wp:attachment":[{"href":"http:\/\/czenemarta.hu\/index.php?rest_route=%2Fwp%2Fv2%2Fmedia&parent=446"}],"curies":[{"name":"wp","href":"https:\/\/api.w.org\/{rel}","templated":true}]}}

Rólam

<p class="has-text-align-left has-large-font-size"><br>Czene Márta művészetének fókusza a személyes és női identitás, illetve a múlt rekonstruálása és értelmezése vizuális történetmesélés által.</p>



<div class="wp-block-media-text is-stacked-on-mobile is-image-fill-element"><figure class="wp-block-media-text__media"><img loading="lazy" decoding="async" width="797" height="1024" src="http://104.248.44.198/wp-content/uploads/2026/04/Czene_Marta2025-1-scaled-e1776597696873-797x1024.jpg" alt="" class="wp-image-454 size-full" style="object-position:41% 48%" srcset="http://czenemarta.hu/wp-content/uploads/2026/04/Czene_Marta2025-1-scaled-e1776597696873-797x1024.jpg 797w, http://czenemarta.hu/wp-content/uploads/2026/04/Czene_Marta2025-1-scaled-e1776597696873-233x300.jpg 233w, http://czenemarta.hu/wp-content/uploads/2026/04/Czene_Marta2025-1-scaled-e1776597696873-768x987.jpg 768w, http://czenemarta.hu/wp-content/uploads/2026/04/Czene_Marta2025-1-scaled-e1776597696873-1195x1536.jpg 1195w, http://czenemarta.hu/wp-content/uploads/2026/04/Czene_Marta2025-1-scaled-e1776597696873-500x642.jpg 500w, http://czenemarta.hu/wp-content/uploads/2026/04/Czene_Marta2025-1-scaled-e1776597696873-800x1028.jpg 800w, http://czenemarta.hu/wp-content/uploads/2026/04/Czene_Marta2025-1-scaled-e1776597696873-1280x1645.jpg 1280w, http://czenemarta.hu/wp-content/uploads/2026/04/Czene_Marta2025-1-scaled-e1776597696873.jpg 1502w" sizes="auto, (max-width: 797px) 100vw, 797px" /></figure><div class="wp-block-media-text__content">
<p class="has-small-font-size">A narratív képek a művész történeteit és szerepeit idézik fel, saját, vagy több generációs családi megéléseket. Az értelmezhetőség határhelyzeteit, a törékeny egyensúlyt keresi az elbeszélt és az érzet szinten megjelenő, ki nem mondott vagy kimondhatatlan között.</p>



<p class="has-small-font-size">Művei több, egymással asszociatív összefüggésben álló elemből épülnek össze. Fragmentált vizualitásukra Kulesov és Eizenstein montázselméletei mellett Erdély Miklós jelentéskioltás elmélete volt a legnagyobb hatással. Különböző anyagok, festmények, rajzok, falfestés, fotó és nyomtatott ponyva, több egymás feletti rétegben együtt építik képinstallációit. A párhuzamos érzékelés mellett az emlékek már elérhetetlen részére utaló térbeli takarás is visszatérő motívuma.</p>



<p class="has-small-font-size">Festői látásmódját a valósághű részletekbe kódolt utalásokat rejtő középkori és reneszánsz festészet inspirálta.</p>
</div></div>



<hr class="wp-block-separator has-alpha-channel-opacity"/>



<details class="wp-block-details is-layout-flow wp-block-details-is-layout-flow"><summary>TANULMÁNYOK</summary>
<p class="has-small-font-size">2025 Doktori fokozat, Magyar Képzőművészeti Egyetem<br>2004-2008 Magyar Képzőművészeti Egyetem, Intermédia<br>2001-2007 Magyar Képzőművészeti Egyetem, Festészet<br>2002- Eötvös Loránt Tudományegyetem, Művészettörténet</p>
</details>



<details class="wp-block-details is-layout-flow wp-block-details-is-layout-flow"><summary>DÍJAK</summary>
<p class="has-small-font-size">2025 Esterházy Art Award Shortlist<br>2021 Esterházy Art Award Shortlist<br>2011 Strabag Artaward International<br>2009 &#8211; 2011 Derkovits Ösztöndíj</p>
</details>



<details class="wp-block-details is-layout-flow wp-block-details-is-layout-flow"><summary>EGYÉNI KIÁLLÍTÁSOK</summary>
<p class="has-text-align-left has-small-font-size">2024 Írjátok fel a kéménybe!, Artus Stúdió, Budapest<br>2023 Ez nem az én testem, Inda Galéria, Budapest<br>2022 Örökölt pózok, Liszt Institute, Sofia<br>2020 Elengedési gyakorlatok, Inda Galéria, Budapest<br>2018 Csukott szemmel, Inda Galéria, Budapest<br>2015 Kilátás, Szent István Király Múzeum,<br>Székesfehérvár<br>2014 Átmenet, Inda Galéria, Budapest<br>         Átjárás, Tornyai János Múzeum,<br>Hódmezővásárhely<br><mark style="background-color:#f5f5f5" class="has-inline-color has-primary-color">2012</mark> Timeline, Inda Galéria, Budapest<br>         Opere Recenti, Galleria del Carbone, Ferrara<br><mark style="background-color:#f5f5f5" class="has-inline-color">2011</mark> Nachbild, Strabag Artlounge, Bécs<br>2010 Fókusz, Inda Galéria, Budapest<br>         Előzetes, Vaszary Képtár, Kaposvár</p>
</details>



<details class="wp-block-details is-layout-flow wp-block-details-is-layout-flow"><summary>CSOPORTOS KIÁLLÍTÁSOK</summary>
<p class="has-small-font-size">2026 Im Erweiterten Raum, Künstlerhaus, Bécs<br>          Kényes egyensúly (Veszély), Trafó Galéria, Budapest<br>2025 Golden Repair – Finom illesztések, Ludwig Múzeum, Budapest<br>          Az én testem, az én váram, Lokart 3., m21 Galéria, Pécs<br>          Amiben hiszünk, Esterházy Art Award Shortlist, Ludwig Múzeum, Budapest<br>          Never Grey, O25 Ostrale Biennale, Dresden<br>          Eredet, MODEM, Debrecen<br>2024 Raumplan, Galéria Jána Koniarka, Trnava<br>2023 Nothing New in the East, AKT, Pforzheim<br>          O23 Ostrale Biennale, Dresden<br>2022 Térfoglalások, Barcsay Terem, MKE, Budapest<br>2021 Esterházy Art Award Shortlist. Young Scene Hungary, Ludwig Múzeum, Budapest<br>         Modellállítás: Az emberi test képi konstrukciói, Barcsay Terem, MKE, Budapest<br>O21 Ostrale Biennale, Dresden<br>2020 MMXX, Stúdió Galéria, Budapest<br>2019 Future, Art Stays Festival, Ptuj<br>2017 Nagyítás, Collegium Hungaricum, Paris<br>         Sguardi a Est, Arte Figurativa Ungherese Contemporanea, Lucera<br>2016 A művész vajon mi?,115-106 Galéria, Budapest<br>2015 Figur / Struktur, RLB Kunstbrücke, Innsbruck<br>         Rendezetlen nőügyek, Institute of Contemporary Art, Dunaújváros<br>         Jövőművészeti Szalon, Gallery By Night, Studio Galéria, Budapest<br>         Munka –művek Budapest Galéria, Budapest<br>2013 Halálos természet, MODEM, Debrecen<br>         La luce dello spirito Accademia d’Ungheria, Rome<br>2012 Újragondolt hagyomány, Ernst Museum, Budapest,<br>2011 Magáért beszél, Magyar Nemzeti Galéria, Budapest</p>
</details>

<p>Czene Márta művészetének fókusza a személyes és női identitás, illetve a múlt rekonstruálása és értelmezése vizuális történetmesélés által. A narratív képek a művész történeteit és szerepeit idézik fel, saját, vagy több generációs családi megéléseket. Az értelmezhetőség határhelyzeteit, a törékeny egyensúlyt keresi az elbeszélt és az érzet szinten megjelenő, ki nem mondott vagy kimondhatatlan között. Művei [&hellip;]</p>
